site?
True
Is 1309699 a prime number?
True
Is 15004273 a prime number?
True
Is 69973 a prime number?
False
Is 519166871 a prime number?
True
Is 24936287 a composite number?
True
Is 26893651 a prime number?
False
Is 16968817 composite?
False
Is 408970937 prime?
True
Is 313466329 a composite number?
True
Is 25614637 a composite number?
False
Is 971882 a prime number?
False
Is 16781923 composite?
True
Is 174814669 prime?
True
Is 22682311 prime?
True
Is 63969001 a composite number?
False
Is 1386551 a prime number?
True
Is 3415393 a prime number?
True
Is 3103343 a composite number?
False
Is 99848481 a prime number?
False
Is 124952099 a composite number?
False
Is 538357 prime?
True
Is 1333991 prime?
True
Is 25819 composite?
False
Is 6780434 a prime number?
False
Is 9886339 a composite number?
False
Is 19376767 composite?
True
Is 21594679 prime?
True
Is 16417187 composite?
False
Is 227981419 prime?
False
Is 29657 a prime number?
False
Is 363634717 prime?
True
Is 144507367 a prime number?
False
Is 5918197 prime?
False
Is 312064793 a composite number?
True
Is 11720153 a composite number?
False
Is 816953 prime?
False
Is 23993083 composite?
False
Is 11213 a composite number?
False
Is 10770269 prime?
True
Is 29542629 prime?
False
Is 893749 composite?
True
Is 1053397 composite?
True
Is 9767 composite?
False
Is 23727349 prime?
True
Is 419604131 a composite number?
False
Is 5045333 a prime number?
False
Is 20128411 a prime number?
True
Is 178968217 composite?
True
Is 66709607 composite?
False
Is 78906823 a prime number?
True
Is 73217 prime?
False
Is 264667521 a composite number?
True
Is 98938247 prime?
True
Is 17937187 composite?
True
Is 36622409 prime?
True
Is 40025729 a prime number?
True
Is 8174291 composite?
False
Is 100812643 prime?
False
Is 47641619 a prime number?
False
Is 80477807 a prime number?
True
Is 11924959 composite?
True
Is 337635629 composite?
False
Is 885383 a composite number?
False
Is 21540355 prime?
False
Is 12382619 prime?
False
Is 1620991 composite?
True
Is 134971259 a composite number?
True
Is 3393509 composite?
True
Is 83063069 a composite number?
False
Is 2183897 a prime number?
False
Is 17461289 composite?
True
Is 471966721 prime?
True
Is 2784473 a composite number?
False
Is 234038305 prime?
False
Is 8639333 a prime number?
False
Is 4314034 a composite number?
True
Is 176160835 a composite number?
True
Is 2900951 prime?
True
Is 3046643 composite?
True
Is 9940969 a composite number?
True
Is 895652819 a composite number?
False
Is 13602359 a composite number?
True
Is 4925941 a prime number?
True
Is 12307807 a prime number?
True
Is 48715859 prime?
True
Is 3834311 composite?
True
Is 194007871 prime?
False
Is 4283585 prime?
False
Is 335395 a composite number?
True
Is 3650533 prime?
True
Is 3657187 composite?
False
Is 235121851 a prime number?
False
Is 136515989 composite?
False
Is 1481017 prime?
False
Is 97446403 prime?
True
Is 7305713 composite?
True
Is 8086367 composite?
True
Is 2289571 a composite number?
False
Is 18177037 prime?
True
Is 14229739 prime?
True
Is 9476741 a composite number?
True
Is 426197 composite?
False
Is 27822581 prime?
False
Is 11269733 composite?
False
Is 12136699 a composite number?
False
Is 4989277 a prime number?
True
Is 1317787 a prime number?
True
Is 578211 a prime number?
False
Is 1022774 a composite number?
True
Is 6806279 a prime number?
True
Is 3964157 prime?
True
Is 568083 a composite number?
True
Is 24525943 composite?
True
Is 24235543 prime?
False
Is 1716331 a prime number?
False
Is 119872703 a composite number?
False
Is 8187409 a composite number?
False
Is 1131413 a composite number?
False
Is 543091577 a prime number?
False
Is 22995851 prime?
True
Is 12569021 a composite number?
False
Is 1827379 a prime number?
True
Is 603468119 prime?
True
Is 4277561 composite?
False
Is 1461827 a prime number?
False
Is 23589607 prime?
True
Is 34207157 a composite number?
False
Is 224219819 a composite number?
True
Is 97228427 composite?
False
Is 17331001 composite?
True
Is 392785121 a prime number?
False
Is 13392901 composite?
False
Is 80839189 composite?
True
Is 42892771 a composite number?
False
Is 5323613 a composite number?
False
Is 805339 prime?
True
Is 13100459 prime?
True
Is 366757507 prime?
False
Is 98303 a composite number?
True
Is 337331203 a prime number?
False
Is 30868621 composite?
True
Is 35040917 a prime number?
True
Is 323903 a composite number?
False
Is 22360651 prime?
True
Is 31074169 prime?
False
Is 113443 a composite number?
True
Is 31601497 a prime number?
False
Is 9637331 composite?
True
Is 12280201 a composite number?
True
Is 802925749 a composite number?
True
Is 756772917 a prime number?
False
Is 38021743 a composite number?
False
Is 3850199 a composite number?
False
Is 143329 prime?
True
Is 670097 composite?
False
Is 115640341 prime?
False
Is 137844991 a prime number?
False
Is 50038579 a prime number?
True
Is 6689498 a composite number?
True
Is 2603281 prime?
True
Is 2168263 prime?
True
Is 5555681 prime?
True
Is 475919 a prime number?
False
Is 58669733 a composite number?
True
Is 468121 a prime number?
True
Is 13722947 a prime number?
False
Is 4558547 composite?
True
Is 3090805 composite?
True
Is 806251 prime?
False
Is 38221903 a prime number?
False
Is 2995873 prime?
True
Is 95025539 composite?
True
Is 1198133 composite?
False
Is 340337 a composite number?
False
Is 59822549 a composite number?
False
Is 33361909 a composite number?
True
Is 226301 a prime number?
False
Is 2041909 a prime number?
False
Is 10415009 a composite number?
True
Is 939017 prime?
False
Is 2782303 a composite number?
True
Is 333187 composite?
False
Is 86269 a composite number?
False
Is 35659957 a prime number?
False
Is 158940161 a prime number?
False
Is 57688219 composite?
False
Is 11143817 a composite number?
False
Is 5837779 prime?
False
Is 89253809 a composite number?
False
Is 2912051 composite?
False
Is 21774763 a prime number?
True
Is 8934439 a prime number?
True
Is 23383391 prime?
True
Is 12416801 a prime number?
False
Is 294811 a composite number?
True
Is 3418367 a composite number?
True
Is 166652677 prime?
True
Is 1316737 a composite number?
True
Is 5027329 composite?
False
Is 161503 composite?
False
Is 484111 prime?
True
Is 27505493 a composite number?
True
Is 94764029 prime?
False
Is 16242053 composite?
False
Is 174379 a prime number?
False
Is 373379 a prime number?
True
Is 32240471 composite?
True
Is 43614029 prime?
True
Is 5442614 a composite number?
True
Is 407005 a prime number?
False
Is 496763 a composite number?
False
Is 20346187 prime?
True
Is 65213 prime?
True
Is 20830751 composite?
False
Is 170081 prime?
True
Is 11638213 a composite number?
False
Is 82738793 a prime number?
True
Is 139883141 prime?
True
Is 49031594 a composite number?
True
Is 3238478 composite?
True
Is 17210567 composite?
True
Is 84359261 prime?
False
Is 386137445 a composite number?
True
Is 41032151 a composite number?
True
Is 202399591 prime?
False
Is 43939767 composite?
True
Is 262892527 a composite number?
False
Is 1055458 a prime number?
False
Is 106869767 prime?
True
Is 8110577 composite?
False
Is 1012351 composite?
True
Is 43578655 prime?
False
Is 4006293 a prime number?
False
Is 764153987 composite?
False
Is 36050051 prime?
False
Is 13874698 composite?
True
Is 95461043 prime?
True
Is 10960133 a composite number?
True
Is 70023743 composite?
True
Is 382237357 prime?
True
Is 73341827 prime?
False
Is 123793871 composite?
True
Is 4804187 composite?
False
Is 12283531 a composite number?
True
Is 24336563 a prime number?
True
Is 5811781 prime?
False
Is 7868243 prime?
False
Is 3871331 a composite number?
False
Is 117395877 composite?
True
Is 407756279 a composite number?
True
Is 30361693 a composite number?
True
Is 216050803 a prime number?
False
Is 27963413 a composite number?
False
Is 16889707 a prime number?
False
Is 572114353 prime?
True
Is 3015062 a prime number?
False
Is 105661 a composite number?
True
Is 88597751 prime?
False
Is 10842343 a prime number?
False
Is 3126397 composite?
False
Is 5171449 a prime number?
True
Is 7874297 a composite number?
False
Is 974839 composite?
True
Is 1141901 a prime number?
True
Is 14709823 prime?
True
Is 525566143 prime?
True
Is 13103159 prime?
True
Is 27778286 composite?
True
Is 1073993 a c